{"id":754,"date":"2020-09-17T17:49:14","date_gmt":"2020-09-17T17:49:14","guid":{"rendered":"https:\/\/hermandaddelrociodevillamanrique.es\/?page_id=754"},"modified":"2024-01-14T15:14:41","modified_gmt":"2024-01-14T15:14:41","slug":"presidente","status":"publish","type":"page","link":"https:\/\/hermandaddelrociodevillamanrique.es\/?page_id=754","title":{"rendered":"Presidente: D. Jos\u00e9 P\u00e9rez Vel\u00e1zquez"},"content":{"rendered":"\n<figure class=\"wp-block-image aligncenter size-large is-resized is-style-default\"><img fetchpriority=\"high\" decoding=\"async\" width=\"683\" height=\"1024\" src=\"https:\/\/hermandaddelrociodevillamanrique.es\/wp-content\/uploads\/2024\/01\/JOSELITO-PRESIDENTE--683x1024.jpg\" alt=\"\" class=\"wp-image-1422\" srcset=\"https:\/\/hermandaddelrociodevillamanrique.es\/wp-content\/uploads\/2024\/01\/JOSELITO-PRESIDENTE--683x1024.jpg 683w, https:\/\/hermandaddelrociodevillamanrique.es\/wp-content\/uploads\/2024\/01\/JOSELITO-PRESIDENTE--200x300.jpg 200w, https:\/\/hermandaddelrociodevillamanrique.es\/wp-content\/uploads\/2024\/01\/JOSELITO-PRESIDENTE--768x1152.jpg 768w, https:\/\/hermandaddelrociodevillamanrique.es\/wp-content\/uploads\/2024\/01\/JOSELITO-PRESIDENTE--1024x1536.jpg 1024w, https:\/\/hermandaddelrociodevillamanrique.es\/wp-content\/uploads\/2024\/01\/JOSELITO-PRESIDENTE--1365x2048.jpg 1365w, https:\/\/hermandaddelrociodevillamanrique.es\/wp-content\/uploads\/2024\/01\/JOSELITO-PRESIDENTE--scaled.jpg 1707w\" sizes=\"(max-width: 683px) 100vw, 683px\" \/><\/figure>\n\n\n\n<h3 class=\"wp-block-heading\"><strong>Art\u00edculo 77<\/strong><\/h3>\n\n\n\n<p>El Presidente tiene la representaci\u00f3n jur\u00eddica y legal de la Hermandad en todos los actos p\u00fablicos y privados en que \u00e9sta tenga que intervenir. Citar\u00e1 a todas las juntas, presidir\u00e1 las sesiones, autorizar\u00e1 los pagos, visar\u00e1 los recibos y, en todas las votaciones, decidir\u00e1, en caso de empate, por su voto de calidad.<\/p>\n\n\n\n<h3 class=\"wp-block-heading\"><br><br><strong>Art\u00edculo 78<\/strong><\/h3>\n\n\n\n<p>El Presidente ser\u00e1 el \u00f3rgano encargado de llamar al orden a cualquier miembro de la junta as\u00ed como a los dem\u00e1s oficios, antes de darse cumplimiento a los supuestos que se contemplan en los art\u00edculos 75 y siguientes de estos Estatutos.<\/p>\n\n\n\n<h3 class=\"wp-block-heading\"><br><br><strong>Art\u00edculo 79<\/strong><\/h3>\n\n\n\n<p>En circunstancias especiales, si un determinado asunto que se debe tratar en las sesiones de la Junta de Gobierno, no estuviera en consonancia con el esp\u00edritu y devoci\u00f3n que tradicionalmente presiden esta Hermandad o con los preceptos de las presentes Reglas, tendr\u00e1 derecho el Presidente a resolverlo, al adoptar la oportuna decisi\u00f3n, de acuerdo con la Junta de Gobierno. En estas circunstancias, podr\u00e1 el Presidente someter dicho acuerdo al consenso de la Junta General, convocada al efecto.<\/p>\n\n\n\n<h3 class=\"wp-block-heading\"><strong><br>Art\u00edculo 80<\/strong><\/h3>\n\n\n\n<p>En todos los actos p\u00fablicos ostentar\u00e1 el distintivo de su cargo, consistente en un bander\u00edn rojo con el escudo de la Hermandad, bordado en oro, y el cord\u00f3n dorado con la medalla de la Hermandad.<\/p>\n\n\n\n<h3 class=\"wp-block-heading\"><br><br><strong>Art\u00edculo 81<\/strong><br><\/h3>\n\n\n\n<p>El Presidente velar\u00e1 por el m\u00e1s estricto cumplimiento de las presentes Reglas y de todos los acuerdos tomados en la Junta de Gobierno, aunque su voto particular no haya sido a favor de los mismos. Establecer\u00e1 con el Secretario el orden del d\u00eda de las Juntas Generales y de las Juntas de Gobierno, que hayan de celebrarse. Ser\u00e1 el moderador de las sesiones de la Junta de Gobierno y de aquellas sesiones de la Junta General en las que le corresponda presidir la Asamblea. El Presidente firmar\u00e1 con el Tesorero los recibos oportunos y el retiro de los fondos de las cuentas bancarias.<\/p>\n","protected":false},"excerpt":{"rendered":"<p>Art\u00edculo 77 El Presidente tiene la representaci\u00f3n jur\u00eddica y legal de la Hermandad en todos los actos p\u00fablicos y privados en que \u00e9sta tenga que intervenir. Citar\u00e1 a todas las juntas, presidir\u00e1 las sesiones, autorizar\u00e1 los pagos, visar\u00e1 los recibos y, en todas las votaciones, decidir\u00e1, en caso de empate, por su voto de calidad. [&hellip;]<\/p>\n","protected":false},"author":1,"featured_media":0,"parent":0,"menu_order":0,"comment_status":"closed","ping_status":"closed","template":"","meta":{"site-sidebar-layout":"no-sidebar","site-content-layout":"plain-container","ast-site-content-layout":"default","site-content-style":"default","site-sidebar-style":"default","ast-global-header-display":"","ast-banner-title-visibility":"","ast-main-header-display":"","ast-hfb-above-header-display":"","ast-hfb-below-header-display":"","ast-hfb-mobile-header-display":"","site-post-title":"","ast-breadcrumbs-content":"","ast-featured-img":"","footer-sml-layout":"","ast-disable-related-posts":"","theme-transparent-header-meta":"default","adv-header-id-meta":"","stick-header-meta":"","header-above-stick-meta":"","header-main-stick-meta":"","header-below-stick-meta":"","astra-migrate-meta-layouts":"default","ast-page-background-enabled":"default","ast-page-background-meta":{"desktop":{"background-color":"","background-image":"","background-repeat":"repeat","background-position":"center center","background-size":"auto","background-attachment":"scroll","background-type":"","background-media":"","overlay-type":"","overlay-color":"","overlay-opacity":"","overlay-gradient":""},"tablet":{"background-color":"","background-image":"","background-repeat":"repeat","background-position":"center center","background-size":"auto","background-attachment":"scroll","background-type":"","background-media":"","overlay-type":"","overlay-color":"","overlay-opacity":"","overlay-gradient":""},"mobile":{"background-color":"","background-image":"","background-repeat":"repeat","background-position":"center center","background-size":"auto","background-attachment":"scroll","background-type":"","background-media":"","overlay-type":"","overlay-color":"","overlay-opacity":"","overlay-gradient":""}},"ast-content-background-meta":{"desktop":{"background-color":"var(--ast-global-color-5)","background-image":"","background-repeat":"repeat","background-position":"center center","background-size":"auto","background-attachment":"scroll","background-type":"","background-media":"","overlay-type":"","overlay-color":"","overlay-opacity":"","overlay-gradient":""},"tablet":{"background-color":"var(--ast-global-color-5)","background-image":"","background-repeat":"repeat","background-position":"center center","background-size":"auto","background-attachment":"scroll","background-type":"","background-media":"","overlay-type":"","overlay-color":"","overlay-opacity":"","overlay-gradient":""},"mobile":{"background-color":"var(--ast-global-color-5)","background-image":"","background-repeat":"repeat","background-position":"center center","background-size":"auto","background-attachment":"scroll","background-type":"","background-media":"","overlay-type":"","overlay-color":"","overlay-opacity":"","overlay-gradient":""}},"footnotes":""},"class_list":["post-754","page","type-page","status-publish","hentry"],"_links":{"self":[{"href":"https:\/\/hermandaddelrociodevillamanrique.es\/index.php?rest_route=\/wp\/v2\/pages\/754","targetHints":{"allow":["GET"]}}],"collection":[{"href":"https:\/\/hermandaddelrociodevillamanrique.es\/index.php?rest_route=\/wp\/v2\/pages"}],"about":[{"href":"https:\/\/hermandaddelrociodevillamanrique.es\/index.php?rest_route=\/wp\/v2\/types\/page"}],"author":[{"embeddable":true,"href":"https:\/\/hermandaddelrociodevillamanrique.es\/index.php?rest_route=\/wp\/v2\/users\/1"}],"replies":[{"embeddable":true,"href":"https:\/\/hermandaddelrociodevillamanrique.es\/index.php?rest_route=%2Fwp%2Fv2%2Fcomments&post=754"}],"version-history":[{"count":3,"href":"https:\/\/hermandaddelrociodevillamanrique.es\/index.php?rest_route=\/wp\/v2\/pages\/754\/revisions"}],"predecessor-version":[{"id":1425,"href":"https:\/\/hermandaddelrociodevillamanrique.es\/index.php?rest_route=\/wp\/v2\/pages\/754\/revisions\/1425"}],"wp:attachment":[{"href":"https:\/\/hermandaddelrociodevillamanrique.es\/index.php?rest_route=%2Fwp%2Fv2%2Fmedia&parent=754"}],"curies":[{"name":"wp","href":"https:\/\/api.w.org\/{rel}","templated":true}]}}