{"id":577,"date":"2020-09-06T10:29:02","date_gmt":"2020-09-06T10:29:02","guid":{"rendered":"https:\/\/hermandaddelrociodevillamanrique.es\/?page_id=577"},"modified":"2024-03-19T12:12:33","modified_gmt":"2024-03-19T12:12:33","slug":"saluda-el-presidente","status":"publish","type":"page","link":"https:\/\/hermandaddelrociodevillamanrique.es\/?page_id=577","title":{"rendered":"Saluda del Presidente"},"content":{"rendered":"\n<p class=\"has-text-align-center\">Hermanos, hermanas de esta Primera y M\u00e1s Antigua Hermandad del Roc\u00edo de<br>Villamanrique de la Condesa, es mucho lo que falta por hacer y aportar a esta nuestra Hermandad. Es por ello y tras 16 a\u00f1os en diferentes cargos dentro de la Junta de Gobierno, el dar el paso al frente como Presidente no ha sido una decisi\u00f3n f\u00e1cil ni tomada a la ligera pero si de compromiso, fraternidad, fe e ilusi\u00f3n para con esta Hermandad.<\/p>\n\n\n\n<p class=\"has-text-align-center\"><br>En este nuevo ciclo en nuestra Hermandad nos enfrentamos a un nuevo<br>cambio generacional con nuevas ideas frescas y retos siempre en beneficio de la misma.<\/p>\n\n\n\n<p class=\"has-text-align-center\"><br>Desde aquella candidatura de 2008 que comenz\u00f3 mi andadura solo queda un<br>servidor, con la continuidad de once compa\u00f1eros m\u00e1s y siete incorporaciones<br>nuevas, pero con la misma fe, ilusi\u00f3n y ganas de trabajar y engrandecer a<br>nuestra Hermandad.<\/p>\n\n\n\n<p class=\"has-text-align-center\"><br>Este grupo de personas que formamos esta candidatura sin el apoyo y el<br>empuje de vosotros, nuestro patrimonio humano, siendo el mayor tesoro que posee esta Hermandad, no tendr\u00eda ning\u00fan sentido.<\/p>\n\n\n\n<p class=\"has-text-align-center\"><br>Espero y deseo que todos nosotros estemos a la altura que merece la<br>Hermandad en estos cuatro a\u00f1os y desde aqu\u00ed y con la mayor humildad del mundo pedimos a nuestro pueblo ayuda y comprensi\u00f3n. <\/p>\n\n\n\n<p class=\"has-text-align-center\">Estamos seguro que vendr\u00e1n momentos buenos, pero a su vez tambi\u00e9n llegar\u00e1n momentos dif\u00edciles, es ah\u00ed donde tenemos que ser fuertes y estar unidos como hasta ahora lo hemos estado. <\/p>\n\n\n\n<p class=\"has-text-align-center\">Vilamanrique lleva muchos siglos dando testimonio de su fe, amor y<br>devoci\u00f3n a Cristo y la Virgen del Roc\u00edo y ello lo consigue simplemente por<br>seguir las directrices del coraz\u00f3n de los manrique\u00f1os, que nos brotan de lo mas hondo de nuestro ser.<\/p>\n\n\n\n<p><br><br><br><br><br><br>\u00a1VIVA LA VIRGEN DEL ROC\u00cdO!<br><br>\u00a1VIVA LA HDAD. DEL ROC\u00cdO DE VILLAMANRIQUE!<\/p>\n\n\n\n<figure class=\"wp-block-image aligncenter size-large\"><img fetchpriority=\"high\" decoding=\"async\" width=\"308\" height=\"315\" src=\"https:\/\/hermandaddelrociodevillamanrique.es\/wp-content\/uploads\/2020\/09\/saluda2.jpg\" alt=\"\" class=\"wp-image-578\" srcset=\"https:\/\/hermandaddelrociodevillamanrique.es\/wp-content\/uploads\/2020\/09\/saluda2.jpg 308w, https:\/\/hermandaddelrociodevillamanrique.es\/wp-content\/uploads\/2020\/09\/saluda2-293x300.jpg 293w\" sizes=\"(max-width: 308px) 100vw, 308px\" \/><\/figure>\n","protected":false},"excerpt":{"rendered":"<p>Hermanos, hermanas de esta Primera y M\u00e1s Antigua Hermandad del Roc\u00edo deVillamanrique de la Condesa, es mucho lo que falta por hacer y aportar a esta nuestra Hermandad. Es por ello y tras 16 a\u00f1os en diferentes cargos dentro de la Junta de Gobierno, el dar el paso al frente como Presidente no ha sido [&hellip;]<\/p>\n","protected":false},"author":1,"featured_media":0,"parent":0,"menu_order":0,"comment_status":"closed","ping_status":"closed","template":"","meta":{"site-sidebar-layout":"no-sidebar","site-content-layout":"default","ast-site-content-layout":"default","site-content-style":"default","site-sidebar-style":"default","ast-global-header-display":"","ast-banner-title-visibility":"","ast-main-header-display":"","ast-hfb-above-header-display":"","ast-hfb-below-header-display":"","ast-hfb-mobile-header-display":"","site-post-title":"","ast-breadcrumbs-content":"","ast-featured-img":"","footer-sml-layout":"","ast-disable-related-posts":"","theme-transparent-header-meta":"default","adv-header-id-meta":"","stick-header-meta":"","header-above-stick-meta":"","header-main-stick-meta":"","header-below-stick-meta":"","astra-migrate-meta-layouts":"set","ast-page-background-enabled":"default","ast-page-background-meta":{"desktop":{"background-color":"","background-image":"","background-repeat":"repeat","background-position":"center center","background-size":"auto","background-attachment":"scroll","background-type":"","background-media":"","overlay-type":"","overlay-color":"","overlay-opacity":"","overlay-gradient":""},"tablet":{"background-color":"","background-image":"","background-repeat":"repeat","background-position":"center center","background-size":"auto","background-attachment":"scroll","background-type":"","background-media":"","overlay-type":"","overlay-color":"","overlay-opacity":"","overlay-gradient":""},"mobile":{"background-color":"","background-image":"","background-repeat":"repeat","background-position":"center center","background-size":"auto","background-attachment":"scroll","background-type":"","background-media":"","overlay-type":"","overlay-color":"","overlay-opacity":"","overlay-gradient":""}},"ast-content-background-meta":{"desktop":{"background-color":"var(--ast-global-color-5)","background-image":"","background-repeat":"repeat","background-position":"center center","background-size":"auto","background-attachment":"scroll","background-type":"","background-media":"","overlay-type":"","overlay-color":"","overlay-opacity":"","overlay-gradient":""},"tablet":{"background-color":"var(--ast-global-color-5)","background-image":"","background-repeat":"repeat","background-position":"center center","background-size":"auto","background-attachment":"scroll","background-type":"","background-media":"","overlay-type":"","overlay-color":"","overlay-opacity":"","overlay-gradient":""},"mobile":{"background-color":"var(--ast-global-color-5)","background-image":"","background-repeat":"repeat","background-position":"center center","background-size":"auto","background-attachment":"scroll","background-type":"","background-media":"","overlay-type":"","overlay-color":"","overlay-opacity":"","overlay-gradient":""}},"footnotes":""},"class_list":["post-577","page","type-page","status-publish","hentry"],"_links":{"self":[{"href":"https:\/\/hermandaddelrociodevillamanrique.es\/index.php?rest_route=\/wp\/v2\/pages\/577","targetHints":{"allow":["GET"]}}],"collection":[{"href":"https:\/\/hermandaddelrociodevillamanrique.es\/index.php?rest_route=\/wp\/v2\/pages"}],"about":[{"href":"https:\/\/hermandaddelrociodevillamanrique.es\/index.php?rest_route=\/wp\/v2\/types\/page"}],"author":[{"embeddable":true,"href":"https:\/\/hermandaddelrociodevillamanrique.es\/index.php?rest_route=\/wp\/v2\/users\/1"}],"replies":[{"embeddable":true,"href":"https:\/\/hermandaddelrociodevillamanrique.es\/index.php?rest_route=%2Fwp%2Fv2%2Fcomments&post=577"}],"version-history":[{"count":5,"href":"https:\/\/hermandaddelrociodevillamanrique.es\/index.php?rest_route=\/wp\/v2\/pages\/577\/revisions"}],"predecessor-version":[{"id":1443,"href":"https:\/\/hermandaddelrociodevillamanrique.es\/index.php?rest_route=\/wp\/v2\/pages\/577\/revisions\/1443"}],"wp:attachment":[{"href":"https:\/\/hermandaddelrociodevillamanrique.es\/index.php?rest_route=%2Fwp%2Fv2%2Fmedia&parent=577"}],"curies":[{"name":"wp","href":"https:\/\/api.w.org\/{rel}","templated":true}]}}